{"id":497,"date":"2024-02-06T15:45:04","date_gmt":"2024-02-06T15:45:04","guid":{"rendered":"https:\/\/www.hiperbaria-wichulec.pl\/?page_id=497"},"modified":"2024-02-06T15:47:10","modified_gmt":"2024-02-06T15:47:10","slug":"przewlekle-stany-zapalne","status":"publish","type":"page","link":"https:\/\/www.hiperbaria-wichulec.pl\/index.php\/przewlekle-stany-zapalne\/","title":{"rendered":"Przewlek\u0142e stany zapalne"},"content":{"rendered":"\t\t<div data-elementor-type=\"wp-page\" data-elementor-id=\"497\" class=\"elementor elementor-497\">\n\t\t\t\t<div class=\"elementor-element elementor-element-9146493 e-con-full e-flex e-con e-parent\" data-id=\"9146493\" data-element_type=\"container\" data-e-type=\"container\" data-settings=\"{&quot;background_background&quot;:&quot;classic&quot;}\">\n\t\t<div class=\"elementor-element elementor-element-651d061 e-con-full e-flex e-con e-child\" data-id=\"651d061\" data-element_type=\"container\" data-e-type=\"container\">\n\t\t\t\t<div class=\"elementor-element elementor-element-4f7ba97 elementor-widget elementor-widget-heading\" data-id=\"4f7ba97\" data-element_type=\"widget\" data-e-type=\"widget\" data-widget_type=\"heading.default\">\n\t\t\t\t<div class=\"elementor-widget-container\">\n\t\t\t\t\t<h1 class=\"elementor-heading-title elementor-size-default\">Przewlek\u0142e stany zapalne i b\u00f3le<\/h1>\t\t\t\t<\/div>\n\t\t\t\t<\/div>\n\t\t\t\t<div class=\"elementor-element elementor-element-78d6662 elementor-widget elementor-widget-text-editor\" data-id=\"78d6662\" data-element_type=\"widget\" data-e-type=\"widget\" data-widget_type=\"text-editor.default\">\n\t\t\t\t<div class=\"elementor-widget-container\">\n\t\t\t\t\t\t\t\t\t<p>Przed\u0142u\u017caj\u0105cy si\u0119 stan zapalny niesie za sob\u0105 szereg niekorzystnych konsekwencji dla organizmu i przyczynia si\u0119 do powstawania wielu powa\u017cnych chor\u00f3b. Stan zapalny rozwija si\u0119 w spos\u00f3b niezauwa\u017calny, przez wiele miesi\u0119cy, a nawet lat. Badania naukowe daj\u0105 niepodwa\u017calne podstawy do twierdzenia, \u017ce choroby nowotworowe, choroby uk\u0142adu sercowo-naczyniowego, takie jak zawa\u0142y serca, mia\u017cd\u017cyca czy udary m\u00f3zgu, a tak\u017ce nadwaga, oty\u0142o\u015b\u0107, choroby staw\u00f3w, cukrzyca, insulinooporno\u015b\u0107, choroba refluksowa, wrzody \u017co\u0142\u0105dka, choroby zapalne jelit, choroby neurologiczne, jak choroba Alzheimera czy Autyzm oraz prawie wszystkie choroby z autoagresji s\u0105 w du\u017cej mierze zwi\u0105zane z tocz\u0105cym si\u0119 w organizmie chronicznym stanem zapalnym.<br \/>\u201eKorzy\u015bci ze zmniejszenia stanu zapalnego dzi\u0119ki HBOT s\u0105 natychmiastowe i d\u0142ugoterminowe. Po serii zabieg\u00f3w zauwa\u017cysz, \u017ce twoja sk\u00f3ra wygl\u0105da m\u0142odziej, stawy mniej bol\u0105, a reszta dolegliwo\u015bci poma\u0142u zanika. W ten spos\u00f3b mo\u017cesz zmniejszy\u0107 ryzyko choroby serca, choroby Alzheimera, raka, cukrzycy i innych komplikacji zdrowotnych zwi\u0105zanych z procesem starzenia si\u0119.\u201d<br \/>&#8211; dr Paul Harch<\/p>\t\t\t\t\t\t\t\t<\/div>\n\t\t\t\t<\/div>\n\t\t\t\t<\/div>\n\t\t<div class=\"elementor-element elementor-element-0f7ba62 e-con-full e-flex e-con e-child\" data-id=\"0f7ba62\" data-element_type=\"container\" data-e-type=\"container\">\n\t\t\t\t<div class=\"elementor-element elementor-element-c4e5d35 elementor-widget elementor-widget-image\" data-id=\"c4e5d35\" data-element_type=\"widget\" data-e-type=\"widget\" data-widget_type=\"image.default\">\n\t\t\t\t<div class=\"elementor-widget-container\">\n\t\t\t\t\t\t\t\t\t\t\t\t\t\t\t<img fetchpriority=\"high\" decoding=\"async\" width=\"800\" height=\"800\" src=\"https:\/\/www.hiperbaria-wichulec.pl\/wp-content\/uploads\/2024\/02\/spine-1024x1024.jpg\" class=\"attachment-large size-large wp-image-493\" alt=\"\" srcset=\"https:\/\/www.hiperbaria-wichulec.pl\/wp-content\/uploads\/2024\/02\/spine-1024x1024.jpg 1024w, https:\/\/www.hiperbaria-wichulec.pl\/wp-content\/uploads\/2024\/02\/spine-300x300.jpg 300w, https:\/\/www.hiperbaria-wichulec.pl\/wp-content\/uploads\/2024\/02\/spine-150x150.jpg 150w, https:\/\/www.hiperbaria-wichulec.pl\/wp-content\/uploads\/2024\/02\/spine-768x768.jpg 768w, https:\/\/www.hiperbaria-wichulec.pl\/wp-content\/uploads\/2024\/02\/spine-500x500.jpg 500w, https:\/\/www.hiperbaria-wichulec.pl\/wp-content\/uploads\/2024\/02\/spine-800x800.jpg 800w, https:\/\/www.hiperbaria-wichulec.pl\/wp-content\/uploads\/2024\/02\/spine.jpg 1080w\" sizes=\"(max-width: 800px) 100vw, 800px\" \/>\t\t\t\t\t\t\t\t\t\t\t\t\t\t\t<\/div>\n\t\t\t\t<\/div>\n\t\t\t\t<\/div>\n\t\t\t\t<\/div>\n\t\t\t\t<\/div>\n\t\t","protected":false},"excerpt":{"rendered":"<p>Przewlek\u0142e stany zapalne i b\u00f3le Przed\u0142u\u017caj\u0105cy si\u0119 stan zapalny niesie za sob\u0105 szereg niekorzystnych konsekwencji dla organizmu i przyczynia si\u0119 do powstawania wielu powa\u017cnych chor\u00f3b. Stan zapalny rozwija si\u0119 w spos\u00f3b niezauwa\u017calny, przez wiele miesi\u0119cy, a nawet lat. Badania naukowe daj\u0105 niepodwa\u017calne podstawy do twierdzenia, \u017ce choroby nowotworowe, choroby uk\u0142adu sercowo-naczyniowego, takie jak zawa\u0142y serca, [&hellip;]<\/p>\n","protected":false},"author":1,"featured_media":0,"parent":0,"menu_order":0,"comment_status":"closed","ping_status":"closed","template":"","meta":{"_vp_format_video_url":"","_vp_image_focal_point":[],"footnotes":""},"class_list":["post-497","page","type-page","status-publish","hentry"],"yoast_head":"<!-- This site is optimized with the Yoast SEO plugin v27.4 - https:\/\/yoast.com\/product\/yoast-seo-wordpress\/ -->\n<title>Przewlek\u0142e stany zapalne - Komora Hiperbaryczna | +48 660 633 404 - Brodnica | Wichulec | Toru\u0144 | Bydgoszcz - | Tlen medyczny<\/title>\n<meta name=\"robots\" content=\"index, follow, max-snippet:-1, max-image-preview:large, max-video-preview:-1\" \/>\n<link rel=\"canonical\" href=\"https:\/\/www.hiperbaria-wichulec.pl\/index.php\/przewlekle-stany-zapalne\/\" \/>\n<meta property=\"og:locale\" content=\"pl_PL\" \/>\n<meta property=\"og:type\" content=\"article\" \/>\n<meta property=\"og:title\" content=\"Przewlek\u0142e stany zapalne - Komora Hiperbaryczna | +48 660 633 404 - Brodnica | Wichulec | Toru\u0144 | Bydgoszcz - | Tlen medyczny\" \/>\n<meta property=\"og:description\" content=\"Przewlek\u0142e stany zapalne i b\u00f3le Przed\u0142u\u017caj\u0105cy si\u0119 stan zapalny niesie za sob\u0105 szereg niekorzystnych konsekwencji dla organizmu i przyczynia si\u0119 do powstawania wielu powa\u017cnych chor\u00f3b. Stan zapalny rozwija si\u0119 w spos\u00f3b niezauwa\u017calny, przez wiele miesi\u0119cy, a nawet lat. Badania naukowe daj\u0105 niepodwa\u017calne podstawy do twierdzenia, \u017ce choroby nowotworowe, choroby uk\u0142adu sercowo-naczyniowego, takie jak zawa\u0142y serca, [&hellip;]\" \/>\n<meta property=\"og:url\" content=\"https:\/\/www.hiperbaria-wichulec.pl\/index.php\/przewlekle-stany-zapalne\/\" \/>\n<meta property=\"og:site_name\" content=\"Komora Hiperbaryczna | +48 660 633 404 - Brodnica | Wichulec | Toru\u0144 | Bydgoszcz - | Tlen medyczny\" \/>\n<meta property=\"article:modified_time\" content=\"2024-02-06T15:47:10+00:00\" \/>\n<meta property=\"og:image\" content=\"http:\/\/www.hiperbaria-wichulec.pl\/wp-content\/uploads\/2024\/02\/spine-1024x1024.jpg\" \/>\n<meta name=\"twitter:card\" content=\"summary_large_image\" \/>\n<meta name=\"twitter:label1\" content=\"Szacowany czas czytania\" \/>\n\t<meta name=\"twitter:data1\" content=\"2 minuty\" \/>\n<script type=\"application\/ld+json\" class=\"yoast-schema-graph\">{\"@context\":\"https:\\\/\\\/schema.org\",\"@graph\":[{\"@type\":\"WebPage\",\"@id\":\"https:\\\/\\\/www.hiperbaria-wichulec.pl\\\/index.php\\\/przewlekle-stany-zapalne\\\/\",\"url\":\"https:\\\/\\\/www.hiperbaria-wichulec.pl\\\/index.php\\\/przewlekle-stany-zapalne\\\/\",\"name\":\"Przewlek\u0142e stany zapalne - Komora Hiperbaryczna | +48 660 633 404 - Brodnica | Wichulec | Toru\u0144 | Bydgoszcz - | Tlen medyczny\",\"isPartOf\":{\"@id\":\"http:\\\/\\\/www.hiperbaria-wichulec.pl\\\/#website\"},\"primaryImageOfPage\":{\"@id\":\"https:\\\/\\\/www.hiperbaria-wichulec.pl\\\/index.php\\\/przewlekle-stany-zapalne\\\/#primaryimage\"},\"image\":{\"@id\":\"https:\\\/\\\/www.hiperbaria-wichulec.pl\\\/index.php\\\/przewlekle-stany-zapalne\\\/#primaryimage\"},\"thumbnailUrl\":\"http:\\\/\\\/www.hiperbaria-wichulec.pl\\\/wp-content\\\/uploads\\\/2024\\\/02\\\/spine-1024x1024.jpg\",\"datePublished\":\"2024-02-06T15:45:04+00:00\",\"dateModified\":\"2024-02-06T15:47:10+00:00\",\"breadcrumb\":{\"@id\":\"https:\\\/\\\/www.hiperbaria-wichulec.pl\\\/index.php\\\/przewlekle-stany-zapalne\\\/#breadcrumb\"},\"inLanguage\":\"pl-PL\",\"potentialAction\":[{\"@type\":\"ReadAction\",\"target\":[\"https:\\\/\\\/www.hiperbaria-wichulec.pl\\\/index.php\\\/przewlekle-stany-zapalne\\\/\"]}]},{\"@type\":\"ImageObject\",\"inLanguage\":\"pl-PL\",\"@id\":\"https:\\\/\\\/www.hiperbaria-wichulec.pl\\\/index.php\\\/przewlekle-stany-zapalne\\\/#primaryimage\",\"url\":\"https:\\\/\\\/www.hiperbaria-wichulec.pl\\\/wp-content\\\/uploads\\\/2024\\\/02\\\/spine.jpg\",\"contentUrl\":\"https:\\\/\\\/www.hiperbaria-wichulec.pl\\\/wp-content\\\/uploads\\\/2024\\\/02\\\/spine.jpg\",\"width\":1080,\"height\":1080},{\"@type\":\"BreadcrumbList\",\"@id\":\"https:\\\/\\\/www.hiperbaria-wichulec.pl\\\/index.php\\\/przewlekle-stany-zapalne\\\/#breadcrumb\",\"itemListElement\":[{\"@type\":\"ListItem\",\"position\":1,\"name\":\"Strona g\u0142\u00f3wna\",\"item\":\"https:\\\/\\\/www.hiperbaria-wichulec.pl\\\/\"},{\"@type\":\"ListItem\",\"position\":2,\"name\":\"Przewlek\u0142e stany zapalne\"}]},{\"@type\":\"WebSite\",\"@id\":\"http:\\\/\\\/www.hiperbaria-wichulec.pl\\\/#website\",\"url\":\"http:\\\/\\\/www.hiperbaria-wichulec.pl\\\/\",\"name\":\"Komora Hiperbaryczna | +48 660 633 404 - Brodnica | Wichulec | Toru\u0144 | Bydgoszcz - | Tlen medyczny\",\"description\":\"Komora Hiperbaryczna | +48 660 633 404 - Brodnica | Wichulec | Toru\u0144 | Bydgoszcz - | Tlen medyczny\",\"potentialAction\":[{\"@type\":\"SearchAction\",\"target\":{\"@type\":\"EntryPoint\",\"urlTemplate\":\"http:\\\/\\\/www.hiperbaria-wichulec.pl\\\/?s={search_term_string}\"},\"query-input\":{\"@type\":\"PropertyValueSpecification\",\"valueRequired\":true,\"valueName\":\"search_term_string\"}}],\"inLanguage\":\"pl-PL\"}]}<\/script>\n<!-- \/ Yoast SEO plugin. -->","yoast_head_json":{"title":"Przewlek\u0142e stany zapalne - Komora Hiperbaryczna | +48 660 633 404 - Brodnica | Wichulec | Toru\u0144 | Bydgoszcz - | Tlen medyczny","robots":{"index":"index","follow":"follow","max-snippet":"max-snippet:-1","max-image-preview":"max-image-preview:large","max-video-preview":"max-video-preview:-1"},"canonical":"https:\/\/www.hiperbaria-wichulec.pl\/index.php\/przewlekle-stany-zapalne\/","og_locale":"pl_PL","og_type":"article","og_title":"Przewlek\u0142e stany zapalne - Komora Hiperbaryczna | +48 660 633 404 - Brodnica | Wichulec | Toru\u0144 | Bydgoszcz - | Tlen medyczny","og_description":"Przewlek\u0142e stany zapalne i b\u00f3le Przed\u0142u\u017caj\u0105cy si\u0119 stan zapalny niesie za sob\u0105 szereg niekorzystnych konsekwencji dla organizmu i przyczynia si\u0119 do powstawania wielu powa\u017cnych chor\u00f3b. Stan zapalny rozwija si\u0119 w spos\u00f3b niezauwa\u017calny, przez wiele miesi\u0119cy, a nawet lat. Badania naukowe daj\u0105 niepodwa\u017calne podstawy do twierdzenia, \u017ce choroby nowotworowe, choroby uk\u0142adu sercowo-naczyniowego, takie jak zawa\u0142y serca, [&hellip;]","og_url":"https:\/\/www.hiperbaria-wichulec.pl\/index.php\/przewlekle-stany-zapalne\/","og_site_name":"Komora Hiperbaryczna | +48 660 633 404 - Brodnica | Wichulec | Toru\u0144 | Bydgoszcz - | Tlen medyczny","article_modified_time":"2024-02-06T15:47:10+00:00","og_image":[{"url":"http:\/\/www.hiperbaria-wichulec.pl\/wp-content\/uploads\/2024\/02\/spine-1024x1024.jpg","type":"","width":"","height":""}],"twitter_card":"summary_large_image","twitter_misc":{"Szacowany czas czytania":"2 minuty"},"schema":{"@context":"https:\/\/schema.org","@graph":[{"@type":"WebPage","@id":"https:\/\/www.hiperbaria-wichulec.pl\/index.php\/przewlekle-stany-zapalne\/","url":"https:\/\/www.hiperbaria-wichulec.pl\/index.php\/przewlekle-stany-zapalne\/","name":"Przewlek\u0142e stany zapalne - Komora Hiperbaryczna | +48 660 633 404 - Brodnica | Wichulec | Toru\u0144 | Bydgoszcz - | Tlen medyczny","isPartOf":{"@id":"http:\/\/www.hiperbaria-wichulec.pl\/#website"},"primaryImageOfPage":{"@id":"https:\/\/www.hiperbaria-wichulec.pl\/index.php\/przewlekle-stany-zapalne\/#primaryimage"},"image":{"@id":"https:\/\/www.hiperbaria-wichulec.pl\/index.php\/przewlekle-stany-zapalne\/#primaryimage"},"thumbnailUrl":"http:\/\/www.hiperbaria-wichulec.pl\/wp-content\/uploads\/2024\/02\/spine-1024x1024.jpg","datePublished":"2024-02-06T15:45:04+00:00","dateModified":"2024-02-06T15:47:10+00:00","breadcrumb":{"@id":"https:\/\/www.hiperbaria-wichulec.pl\/index.php\/przewlekle-stany-zapalne\/#breadcrumb"},"inLanguage":"pl-PL","potentialAction":[{"@type":"ReadAction","target":["https:\/\/www.hiperbaria-wichulec.pl\/index.php\/przewlekle-stany-zapalne\/"]}]},{"@type":"ImageObject","inLanguage":"pl-PL","@id":"https:\/\/www.hiperbaria-wichulec.pl\/index.php\/przewlekle-stany-zapalne\/#primaryimage","url":"https:\/\/www.hiperbaria-wichulec.pl\/wp-content\/uploads\/2024\/02\/spine.jpg","contentUrl":"https:\/\/www.hiperbaria-wichulec.pl\/wp-content\/uploads\/2024\/02\/spine.jpg","width":1080,"height":1080},{"@type":"BreadcrumbList","@id":"https:\/\/www.hiperbaria-wichulec.pl\/index.php\/przewlekle-stany-zapalne\/#breadcrumb","itemListElement":[{"@type":"ListItem","position":1,"name":"Strona g\u0142\u00f3wna","item":"https:\/\/www.hiperbaria-wichulec.pl\/"},{"@type":"ListItem","position":2,"name":"Przewlek\u0142e stany zapalne"}]},{"@type":"WebSite","@id":"http:\/\/www.hiperbaria-wichulec.pl\/#website","url":"http:\/\/www.hiperbaria-wichulec.pl\/","name":"Komora Hiperbaryczna | +48 660 633 404 - Brodnica | Wichulec | Toru\u0144 | Bydgoszcz - | Tlen medyczny","description":"Komora Hiperbaryczna | +48 660 633 404 - Brodnica | Wichulec | Toru\u0144 | Bydgoszcz - | Tlen medyczny","potentialAction":[{"@type":"SearchAction","target":{"@type":"EntryPoint","urlTemplate":"http:\/\/www.hiperbaria-wichulec.pl\/?s={search_term_string}"},"query-input":{"@type":"PropertyValueSpecification","valueRequired":true,"valueName":"search_term_string"}}],"inLanguage":"pl-PL"}]}},"_links":{"self":[{"href":"https:\/\/www.hiperbaria-wichulec.pl\/index.php\/wp-json\/wp\/v2\/pages\/497","targetHints":{"allow":["GET"]}}],"collection":[{"href":"https:\/\/www.hiperbaria-wichulec.pl\/index.php\/wp-json\/wp\/v2\/pages"}],"about":[{"href":"https:\/\/www.hiperbaria-wichulec.pl\/index.php\/wp-json\/wp\/v2\/types\/page"}],"author":[{"embeddable":true,"href":"https:\/\/www.hiperbaria-wichulec.pl\/index.php\/wp-json\/wp\/v2\/users\/1"}],"replies":[{"embeddable":true,"href":"https:\/\/www.hiperbaria-wichulec.pl\/index.php\/wp-json\/wp\/v2\/comments?post=497"}],"version-history":[{"count":7,"href":"https:\/\/www.hiperbaria-wichulec.pl\/index.php\/wp-json\/wp\/v2\/pages\/497\/revisions"}],"predecessor-version":[{"id":504,"href":"https:\/\/www.hiperbaria-wichulec.pl\/index.php\/wp-json\/wp\/v2\/pages\/497\/revisions\/504"}],"wp:attachment":[{"href":"https:\/\/www.hiperbaria-wichulec.pl\/index.php\/wp-json\/wp\/v2\/media?parent=497"}],"curies":[{"name":"wp","href":"https:\/\/api.w.org\/{rel}","templated":true}]}}